
8
Let t be (629/34)/(0 + (-1)/(-2)). Calculate the highest common divisor of 185 and t.
37
Suppose 3*t + k = -0*t + 564, -5*t + 939 = 2*k. Let a(l) = l**3 + 8*l**2 - 3*l + 3. Let c be a(-8). What is the greatest common factor of t and c?
27
Suppose 4*d + 340 = -0*d. Let a = d + 155. Calculate the highest common divisor of a and 14.
14
Suppose -4*p + 320 = a, -5*p + 5*a + 137 = -288. Calculate the highest common divisor of p and 54.
27
Suppose -2 = -2*r - 0, 0 = 2*x - 4*r - 76. Let l(v) = 2*v + 1. Let w be l(2). What is the highest common factor of x and w?
5
Suppose 5*z = 7 + 3. Suppose 3*d - 5*d = -z. Calculate the greatest common divisor of d and 1.
1
Let y(f) = -3*f + 4. Let d be y(3). Let u be (3 + d)/(-2) + 0. Calculate the greatest common divisor of u and 5.
1
Let r = -18 + 22. What is the highest common divisor of r and 4?
4
Suppose 2*z + 2*z = 0. Suppose z*w = 2*w - 2*h - 22, 2*h - 8 = -3*w. Let r be (-3 - -56) + 1 + 0. What is the highest common factor of w and r?
6
Let a be 3*2/6 - -71. Suppose -c + 36 = 4*i, 2*c = 4*i - c - 36. What is the greatest common divisor of i and a?
9
Let q(c) = -5*c - 5 + 15*c - 8*c. Let f be q(8). What is the highest common divisor of 88 and f?
11
Let i be (-12)/10*20/(-6). Suppose -3*h + i = 1. Let j be (16/(-20))/(1/(-10)). Calculate the highest common factor of h and j.
1
Let b(u) = 5*u - 3. Let p be b(3). Suppose -4*f - p = -32. What is the greatest common factor of 45 and f?
5
Let n(k) = -6*k - 2. Suppose -x = x + 8. Let f be n(x). Let z be 31 + (-2)/6*(0 + -6). What is the greatest common factor of z and f?
11
Let b(k) = -k**3 - 3*k**2 + 10*k + 2. Let g be b(-5). Calculate the greatest common divisor of 2 and g.
2
Suppose -u = -5*v + 583, -2*v + 237 = -4*u + 11. Let a = 2 - -11. What is the highest common factor of a and v?
13
Suppose 66 = -5*g + 7*g. What is the highest common divisor of g and 3?
3
Let b be (-2)/4 + (-1243)/(-22). What is the highest common factor of b and 7?
7
Let n(l) = 3 + 4 - 2*l - 11. Let i be n(-8). Calculate the highest common divisor of 108 and i.
12
Suppose 4*a - 48 = -a - s, -4*a - s + 39 = 0. What is the highest common factor of a and 27?
9
Suppose -4*r = 12, 4*g - r - 183 = 200. Calculate the greatest common factor of g and 19.
19
Let q be (47/(-141))/((-1)/6). Let p = -129 - -223. Suppose -2*z + 6*z = -4*i + 68, 5*z - 4*i - p = 0. What is the highest common factor of z and q?
2
Suppose 4*o - 71 = 1. What is the highest common factor of o and 6?
6
Let g be -8*1*8/(-16). Suppose -3*h + 2*b + 483 = 5*b, 2*h = -g*b + 322. Calculate the highest common factor of 23 and h.
23
Suppose 2*o + 24 = 5*o. Suppose 5 = o*t - 3*t. Calculate the greatest common factor of t and 2.
1
Suppose 89 = 4*b + 13. Let l be 1/((-4)/(-392)) - 3. Calculate the highest common divisor of l and b.
19
Suppose -5 = 6*u - u. Let i be u/(3/(-24)) - 1. Let s = 21 - i. What is the greatest common factor of s and 70?
14
Let x be 51/12 - 2/8. Suppose -x*v = -v - 27. Let y = 17 - v. Calculate the greatest common factor of 72 and y.
8
Suppose 0 = -112*w + 108*w + 168. What is the greatest common divisor of 42 and w?
42
Let d(n) = -n**2 - 3*n - 1. Suppose -3*y + 2*j = 9, j - 3 = y + 3*j. Let p be d(y). Let k be 0/(-1) - p - -43. What is the highest common factor of 4 and k?
4
Suppose 4*a - 5 = -29. Let m be (2 + 22)*(-15)/a. Let j = 7 + 5. What is the highest common factor of m and j?
12
Let b be -4*(-1 + -8 + 4). Calculate the greatest common factor of b and 60.
20
Let t(l) = 5*l + 1. Let c be t(3). What is the highest common divisor of 8 and c?
8
Let r(t) = 2*t**2 - 7*t + 1 + 7 - t**2. Let m be r(6). Suppose -p + m = -0*p. What is the highest common divisor of 16 and p?
2
Let p be (-2)/(5/(625/(-2))). Let c = p + -75. Suppose 2*y = c + 60. What is the greatest common factor of 22 and y?
11
Suppose 4*v = -6 - 18. Let l = v + 12. Let j be (-12)/(-18) + 52/3. Calculate the highest common factor of l and j.
6
Suppose 0 = -12*f + 26 + 370. Suppose 3*p = -2*p + 110. What is the greatest common factor of f and p?
11
Let z be ((-2)/5)/(2/(-20)). Suppose -3*u + 1 + 6 = v, -14 = -2*u + z*v. What is the highest common factor of u and 1?
1
Let q = -34 - -36. What is the highest common factor of q and 22?
2
Let f = 13 - -57. What is the highest common factor of f and 28?
14
Let v(q) = q**2 + q + 4. Let l be v(-5). Calculate the greatest common divisor of l and 3.
3
Suppose 0 = 2*x + t - 8, 10 = -x + 3*t - 7*t. Suppose 8*w + 86 = x*w. Let j = w - -71. Calculate the highest common factor of 7 and j.
7
Let r(t) = -t + 33. Let k be r(20). Let y = -67 - -106. Calculate the greatest common divisor of y and k.
13
Suppose -28 = -3*w + 14. Calculate the greatest common divisor of 112 and w.
14
Let f(b) = -b**2 + 8*b + 9. Suppose -2*j - 5 = 5*s + 1, 19 = 5*j + 4*s. Let x be f(j). Calculate the highest common divisor of 16 and x.
16
Let i be (4 + -8)*7/(-4). Suppose 4*g = 2*y - 74, 0 = 4*y - g - 0*g - 141. Calculate the highest common divisor of y and i.
7
Let m(y) = y**2 + 2*y + 3. Let u be m(-3). Suppose 5*k - 5 = -0*k + 5*r, 4 = 2*r. Calculate the greatest common divisor of u and k.
3
Let k(q) = q**2 - 3*q + 20. Let z be k(10). Calculate the highest common divisor of z and 60.
30
Let k be -3 - (-4 + 3 + -74). Calculate the greatest common factor of k and 8.
8
Suppose f = -4 + 5. Let k be (-2*f)/(2/(-5)). Suppose 0 = -k*l + 5*y + 25, -6 = l - 5*y + 5. What is the highest common factor of l and 9?
9
Suppose -t + 3*i - i = 2, 4*i = -2*t + 20. What is the highest common factor of t and 28?
4
Let w = -78 + 133. Calculate the greatest common divisor of w and 22.
11
Let g = -48 - -248. Calculate the highest common factor of g and 10.
10
Let t(o) = -4*o**2 - 4*o - 11. Let m be t(8). Let l = m - -543. Suppose -3*u + 3*q - 100 = -5*u, 5*q = 4*u - l. Calculate the highest common factor of u and 7.
7
Suppose 0 = 2*g + 3*g - 70. Let h = g + -8. Calculate the highest common divisor of h and 24.
6
Let x be (68/10)/((-6)/(-15)). Let s = x + -15. What is the highest common divisor of 2 and s?
2
Suppose 0 = q + 4*q - 10. Suppose q*o + 3*o = -35. Let n = o + 10. What is the greatest common factor of n and 3?
3
Suppose 43 = 4*w + 3*f - 154, 2*w = -f + 99. Calculate the greatest common factor of 10 and w.
10
Let f be (-18)/30 + ((-1569)/(-15))/1. Calculate the highest common divisor of f and 4.
4
Let u = -5 + 10. Suppose 5*r - 25 = 2*w, 0*r - r + u = -5*w. Suppose w = -x - 2*x + 42. Calculate the highest common divisor of 14 and x.
14
Let u(z) be the second derivative of -z**4/12 - z**3 + z**2 + 5*z. Let y be u(-6). What is the highest common divisor of 2 and y?
2
Let j(d) = -d**2 - 5*d + 3. Let v be j(-4). Calculate the highest common factor of 56 and v.
7
Let o be (-11)/(-2) + 3/2. Let n(r) = r + 10. Let d be n(-7). Suppose -d = -2*z - 1. What is the greatest common divisor of o and z?
1
Let d(v) = -v - 2. Let g be d(-4). Let c = 6 + g. What is the greatest common factor of 24 and c?
8
Let o be -3 - (-56 + 0 - 1). Calculate the greatest common factor of o and 18.
18
Let s(l) = l**2 - 10*l + 27. Let r be s(8). Calculate the greatest common factor of 143 and r.
11
Suppose 0 = -u + 2*n + 2, u + n - 11 = -0*n. Let m = 3 - 0. Suppose -m*v = -5*v + 4. Calculate the highest common divisor of v and u.
2
Let d = 6 + -12. Let y be d/((6/(-10))/3). Let g = 16 + -6. What is the highest common factor of g and y?
10
Suppose -4*g + 640 = -0*g. What is the highest common divisor of g and 32?
32
Let k be (-3 + -9)*12/(-8). Calculate the highest common divisor of 42 and k.
6
Let l = -6 + 5. Let o be 45/4 + 1/(-4). Let f = o + l. What is the highest common factor of f and 80?
10
Let a(q) = -2*q - 5. Let v be a(-5). Let c(j) = 7*j**2 + 7*j + 3. Let b be c(-3). What is the greatest common divisor of v and b?
5
Suppose -2*i - 5*i = -56. What is the greatest common factor of 4 and i?
4
Let l = 4 - -1. Suppose -l*w + 758 = 153. Let q be 11 - (2/(-6) - (-5)/15). What is the greatest common factor of w and q?
11
Let p(i) = 2*i**2 - 3*i. Let q be p(3). Let n(m) = m**2 - 6*m - 1. Let r be n(5). Let o = -3 - r. What is the highest common divisor of o and q?
3
Let r(q) = 4*q - 3. Let a be r(-5). Let v = a - -33. Calculate the greatest common factor of 2 and v.
2
Let s(z) =